ive k(7).
-48
Let t(m) = -69*m - 1367. Determine t(-23).
220
Let j(r) = 8*r**2 - 12*r + 34. Give j(3).
70
Let n(i) = 9*i**2 + 8*i - 128. Calculate n(-7).
257
Let v(d) = -11*d**3 + d**2 - d - 3. Determine v(-1).
10
Let n(p) = -108*p + 2256. Determine n(21).
-12
Let b(k) = 147*k - 1820. Calculate b(6).
-938
Let k(h) = 3*h**2 - 41*h - 14. Give k(14).
0
Let z(f) = f**3 + 14*f**2 - 5*f - 72. Give z(-14).
-2
Let m(r) = 95*r - 831. Determine m(8).
-71
Let r(m) = 3*m**2 + 83*m + 526. Give r(-18).
4
Let t(r) = -24*r - 80. Determine t(5).
-200
Let x(n) = n**2 + 14*n + 22. Give x(-14).
22
Let r(b) = -807*b + 26. Give r(-1).
833
Let r(t) = 64*t**2 - 1137*t - 278. Calculate r(18).
-8
Let k(r) = -5*r**2 + 5*r - 14. Determine k(2).
-24
Let s(k) = -3*k**2 + 287*k - 137. What is s(95)?
53
Let s(k) = -23*k**3 + 3*k**2 + 4*k. Calculate s(-1).
22
Let f(l) = 45*l - 554. Determine f(12).
-14
Let f(u) = u**3 - 19*u**2 + 58*u + 285. Determine f(13).
25
Let v(y) = -17*y**2 - y - 55. Calculate v(0).
-55
Let f(a) = 3*a**3 - 27*a**2 + 6*a - 356. Give f(10).
4
Let q(p) = -p**2 + 1103*p + 7779. Determine q(-7).
9
Let k(r) = -5*r**2 - 57*r - 290. Determine k(-6).
-128
Let l(t) = 21*t**2 + 74*t - 16. What is l(-4)?
24
Let m(y) = y**2 + 100*y + 2183. What is m(-46)?
-301
Let z(r) = 19*r + 66. Calculate z(-5).
-29
Let t(q) = -2*q**2 + 110*q + 4234. Calculate t(-26).
22
Let l(n) = -2*n**3 + 18*n**2 - 20*n + 40. Give l(8).
8
Let w(o) = -o**2 - 133*o - 551. Determine w(-4).
-35
Let l(y) = 11*y - 68. Determine l(-4).
-112
Let x(f) = f**3 + 32*f**2 - 105*f - 10. Calculate x(-35).
-10
Let h(c) = -1723*c + 3473. Give h(2).
27
Let t(q) = q**2 - 142*q - 3054. What is t(-19)?
5
Let i(u) = u**3 + 25*u**2 + 52*u + 259. Determine i(-23).
121
Let j(h) = 8*h - 286. Give j(-53).
-710
Let c(h) = h**3 - 43*h**2 + 3*h - 145. Calculate c(43).
-16
Let c(h) = -7*h + 56. Give c(-20).
196
Let m(c) = c**3 - 86*c**2 - 365*c + 434. Calculate m(90).
-16
Let j(x) = -x**3 - 4*x**2 + 49*x + 21. What is j(-9)?
-15
Let v(z) = 143*z + 153. Calculate v(-1).
10
Let p(j) = j**3 + 24*j**2 + 140*j + 72. What is p(-15)?
-3
Let w(j) = 5*j**2 + 246*j + 944. Give w(-4).
40
Let u(i) = 5*i**2 - 181*i + 490. Calculate u(3).
-8
Let s(m) = 33*m - 1. Calculate s(10).
329
Let o(l) = l**3 - 16*l**2 - 23*l + 625. Give o(15).
55
Let l(p) = -p**3 + 31*p**2 + 24*p + 139. What is l(32)?
-117
Let h(g) = -339*g + 894. Calculate h(0).
894
Let d(u) = u**3 - 9*u**2 + 2*u + 85. Determine d(5).
-5
Let i(g) = g**3 - 2*g**2 - 67*g - 29. Determine i(11).
323
Let m(u) = -88*u + 437. Give m(5).
-3
Let i(s) = s**3 - 13*s**2 + 5*s - 105. Determine i(14).
161
Let o(r) = -2*r**3 - 12*r**2 + 10*r + 27. Determine o(-7).
55
Let r(i) = -394*i - 5418. Determine r(-14).
98
Let h(i) = -7*i**2 + 39*i - 35. Determine h(5).
-15
Let k(m) = 5*m - 271. Give k(37).
-86
Let m(v) = 296*v + 1607. What is m(-5)?
127
Let g(h) = -47*h + 280. Calculate g(0).
280
Let q(b) = -2*b**3 + 255*b**2 + 385*b + 267. What is q(129)?
9
Let b(a) = -81*a + 477. What is b(7)?
-90
Let v(f) = -4*f**3 - f**2 + 5*f - 6. Give v(1).
-6
Let n(d) = -d**2 - 33*d + 67. What is n(-35)?
-3
Let i(t) = 3*t**2 - 73*t - 667. Calculate i(-7).
-9
Let g(d) = -20*d + 333. Determine g(18).
-27
Let g(b) = 23*b + 263. Give g(-17).
-128
Let j(a) = -a**3 - 59*a**2 - 711*a + 37. Give j(-17).
-14
Let y(c) = c**3 - 10*c**2 - 47*c - 30. Determine y(15).
390
Let z(p) = -325*p + 26. Determine z(1).
-299
Let h(t) = 7*t**3 - 933*t**2 + 267*t - 133. Give h(133).
0
Let o(z) = -z**3 - 5*z**2 - 5*z - 38. Give o(-7).
95
Let x(d) = -61*d - 5853. Calculate x(-96).
3
Let i(a) = 6*a**2 + 371*a - 2512. Calculate i(-68).
4
Let w(o) = o**3 - 55*o**2 + 247*o + 147. Calculate w(50).
-3
Let y(x) = x**3 + 15*x**2 - 38*x - 23. Calculate y(-17).
45
Let f(o) = 77*o**2 + 7*o + 2. What is f(2)?
324
Let n(r) = r**2 + 63*r - 272. Calculate n(4).
-4
Let j(m) = 1495*m - 29892. What is j(20)?
8
Let r(u) = -3*u**2 + 55*u - 181. Give r(10).
69
Let l(y) = 71*y + 1834. Calculate l(-26).
-12
Let u(q) = q**3 - 9*q**2 - 73*q - 57. Calculate u(15).
198
Let w(q) = 5*q**3 + q**2 + 17*q + 56. Give w(-3).
-121
Let h(s) = 54*s + 309. Determine h(-5).
39
Let p(q) = -5271*q + 137042. Determine p(26).
-4
Let c(i) = 217*i + 211. Determine c(-6).
-1091
Let q(x) = -84*x**2 + 28*x + 5. Give q(2).
-275
Let w(q) = q**2 + 111*q - 719. Determine w(-118).
107
Let x(r) = -r**3 - 152*r**2 - 31*r - 4717. Give x(-152).
-5
Let h(k) = -2*k**2 + 116*k + 915. What is h(65)?
5
Let x(v) = 2*v**3 - 50*v**2 - 204*v + 109. Give x(-4).
-3
Let z(i) = 85*i - 142. Calculate z(2).
28
Let c(r) = -r**3 - 24*r**2 + 26*r - 70. What is c(-25)?
-95
Let y(t) = 4*t + 17. Determine y(-10).
-23
Let q(p) = -23*p - 22. Calculate q(-8).
162
Let r(f) = -136*f - 475. Give r(-4).
69
Let g(v) = -5*v**2 + 554*v - 1033. Give g(109).
-52
Let z(v) = 3*v**3 - 4*v**2 - 46*v + 30. What is z(6)?
258
Let t(j) = -j - 134. Give t(-20).
-114
Let h(b) = 272*b - 49776. Give h(183).
0
Let w(i) = -2*i**3 + 47*i**2 - 16*i - 200. What is w(23)?
-39
Let q(m) = -209*m + 1230. Determine q(6).
-24
Let y(r) = -365*r**2 + 26*r + 24. Give y(-1).
-367
Let m(d) = -4*d**2 - 59*d - 95. Give m(-13).
-4
Let q(o) = o**3 + 9*o**2 - 13*o - 8. Determine q(-10).
22
Let r(s) = 306*s + 2143. Calculate r(-7).
1
Let t(l) = 13*l - 128. Determine t(10).
2
Let z(r) = 2*r**3 + 2*r**2 + 48*r - 149. Determine z(3).
67
Let a(b) = -b**3 + 31*b**2 - 149*b + 22. Give a(25).
47
Let g(l) = -l**3 + 9*l**2 + 38*l + 33. Determine g(13).
-149
Let q(r) = -2*r**3 + 12*r**2 + 77*r - 460. Give q(7).
-19
Let t(o) = -372*o + 4646. Give t(12).
182
Let y(j) = -5*j**2 - 799*j + 2393. What is y(3)?
-49
Let h(k) = -k**3 + 278*k**2 - 560*k + 2225. Calculate h(276).
17
Let v(n) = n**2 - 399*n + 2358. Give v(6).
0
Let o(z) = 31*z**2 - 15*z + 2. Give o(-1).
48
Let j(n) = -5*n**2 + 2666*n + 13339. Determine j(-5).
-116
Let v(f) = 2*f**3 + 192*f**2 + 4*f + 378. Give v(-96).
-6
Let q(j) = -4*j**3 - 25*j**2 + 44*j + 158. Give q(-7).
-3
Let v(t) = 2*t**3 - 50*t**2 - 111*t + 80. Calculate v(27).
-1
Let z(o) = -102*o - 339. Calculate z(-3).
-33
Let p(c) = 2*c**3 - 21*c**2 + 107*c - 970. What is p(10)?
0
Let d(r) = -98*r**2 + 5*r + 6. Give d(-1).
-97
Let n(k) = 77*k**2 - 157*k + 4. Give n(2).
-2
Let r(j) = 2*j**2 + 69*j - 4341. Calculate r(-67).
14
Let b(g) = g**3 - 20*g**2 - 206*g + 4126. Determine b(20).
6
Let f(l) = 8*l**2 - 1005*l + 758. What is f(125)?
133
Let j(m) = 9*m + 279. Give j(-39).
-72
Let j(m) = -m**3 + 11*m**2 - 26*m + 15. What is j(9)?
-57
Let x(m) = -4*m**3 - 70*m**2 + 42*m + 63. Calculate x(-18).
-45
Let y(b) = 15*b**2 + 448*b + 354. Calculate y(-29).
-23
Let i(f) = -25*f**2 - 31*f - 88. Give i(-3).
-220
Let p(s) = -s**3 + 3*s**2 - 139*s - 142. Calculate p(-1).
1
Let w(r) = r**3 - 5*r**2 - 4*r - 39. Calculate w(5).
-59
Let h(k) = 125*k**3 + 875*k**2 - 19. Calculate h(-7).
-19
Let p(l) = -l**2 + 13*l + 147. What is p(-8)?
-21
Let n(q) = q**2 + q - 110. Give n(-13).
46
Let h(o) = 402*o + 26. Calculate h(-1).
-376
Let u(g) = -2*g**2 - 27*g - 22. Give u(-7).
69
Let l(b) = 2*b**3 + 313*b**2 - 166*b - 1436. Give l(-157).
-23
Let a(j) = 7*j - 146. What is a(21)?
1
Let w(l) = 2*l**3 - 16*l**2 - 11*l + 7. Determine w(3).
-116
Let w(h) = 2*h**3 - 112*h**2 + 617*h - 871. What is w(50)?
-21
Let g(k) = k**3 + 16*k**2 - 49*k - 10. Give g(3).
14
Let p(w) = 80*w + 2565. What is p(-32)?
5
Let a(n) = 10*n - 89. Calculate a(-41).
-499
Let d(i) = -4*i - 44. Give d(-5).
-24
Let k(o) = -859*o - 5161. What is k(-6)?
-7
Let c(x) = -654*x**2 + 1962*x - 3. What is c(3)?
-3
Let v(o) = o**3 - 43*o**2 - 138*o - 3. Calculate v(46).
-3
Let c(m) = 3966*m - 19829. What is c(5)?
1
Let z(t) = t**2 - 169*t - 4279. Calculate z(-22).
-77
Let k(m) = -2*m**2 + 102*m + 995. Calculate k(-10).
-225
Let b(z) = 7*z - 347. What is b(-9)?
-410
Let c(b) = b**2 - 295*b + 7394. Calculate c(28).
-82
Let z(p) = 11*p**2 - 11*p - 37. Determine z(-3).
95
Let q(f) = 669*f**3 - f**2 - 4*f - 3. What is q(-1)?
-669
Let c(l) = -217*l - 105. Give c(-1).
112
Let w(u) = -u**3 - 38*u**2 - 165*u - 77. Determine w(-33).
-77
Let p(m) = m**3 - 25*m**2 - 27*m + 106. Calculate p(26).
80
Let p(k) = 14*k - 48. What is p(3)?
-6
Let p(d) = -83*d**2 + 30*d + 4. What is p(2)?
-268
Let t(b) = -b**3 + 35*b**2 - 129*b + 15. What i